 when 94838 is divided by 2381.
1979
Calculate the remainder when 3408303 is divided by 1304.
951
Calculate the remainder when 26113639 is divided by 2611362.
19
Calculate the remainder when 22523667 is divided by 2047606.
1
Calculate the remainder when 2467578 is divided by 1296.
1290
Calculate the remainder when 25022658 is divided by 17.
1
What is the remainder when 143416127 is divided by 18?
11
Calculate the remainder when 5912204 is divided by 5912002.
202
What is the remainder when 72172767 is divided by 29?
3
What is the remainder when 1244035 is divided by 1455?
10
What is the remainder when 985024 is divided by 2061?
1927
Calculate the remainder when 836713 is divided by 1363.
1194
What is the remainder when 24468810 is divided by 6615?
6540
What is the remainder when 5257600 is divided by 5257580?
20
What is the remainder when 11619877 is divided by 401?
100
What is the remainder when 166494 is divided by 83163?
168
What is the remainder when 391585 is divided by 48937?
89
What is the remainder when 2047532 is divided by 1088?
1004
What is the remainder when 220700 is divided by 55133?
168
What is the remainder when 20369 is divided by 142?
63
Calculate the remainder when 2303605 is divided by 2485.
10
What is the remainder when 755268 is divided by 226?
202
Calculate the remainder when 814641 is divided by 109.
84
Calculate the remainder when 140248 is divided by 330.
328
What is the remainder when 102814929 is divided by 178?
171
What is the remainder when 5871080 is divided by 352?
72
Calculate the remainder when 344280 is divided by 863.
806
Calculate the remainder when 12038339 is divided by 7336.
7299
What is the remainder when 2966677 is divided by 1483333?
11
Calculate the remainder when 41837443 is divided by 5.
3
What is the remainder when 2326566 is divided by 47480?
46
What is the remainder when 148863237 is divided by 1240?
1237
Calculate the remainder when 59197575 is divided by 262.
247
Calculate the remainder when 302321321 is divided by 27.
26
What is the remainder when 14890069 is divided by 26?
25
Calculate the remainder when 1184929 is divided by 66.
31
What is the remainder when 53097 is divided by 182?
135
What is the remainder when 1312795 is divided by 187517?
176
Calculate the remainder when 76596 is divided by 18744.
1620
Calculate the remainder when 209709 is divided by 4281.
4221
What is the remainder when 13866757 is divided by 87?
1
What is the remainder when 2182827 is divided by 646?
639
Calculate the remainder when 2952066 is divided by 2952052.
14
What is the remainder when 14683587 is divided by 1331?
1326
What is the remainder when 19089016 is divided by 463?
452
Calculate the remainder when 320533 is divided by 2095.
2093
What is the remainder when 29570 is divided by 47?
7
Calculate the remainder when 847980 is divided by 5725.
680
What is the remainder when 929422 is divided by 87?
1
What is the remainder when 328333122 is divided by 22?
18
Calculate the remainder when 602719 is divided by 1096.
1015
Calculate the remainder when 80784 is divided by 940.
884
What is the remainder when 55554 is divided by 2759?
374
What is the remainder when 20572108 is divided by 1383?
1366
What is the remainder when 3192365 is divided by 1596160?
45
What is the remainder when 1497456 is divided by 20?
16
What is the remainder when 6177784 is divided by 475203?
145
Calculate the remainder when 1591347 is divided by 2.
1
Calculate the remainder when 79134 is divided by 2520.
1014
Calculate the remainder when 12105 is divided by 2740.
1145
Calculate the remainder when 3933381 is divided by 1775.
1756
Calculate the remainder when 74194 is divided by 3532.
22
Calculate the remainder when 47798617 is divided by 23899303.
11
Calculate the remainder when 3695198 is divided by 706.
700
Calculate the remainder when 239271 is divided by 14954.
7
What is the remainder when 139553 is divided by 149?
89
Calculate the remainder when 3174884 is divided by 26.
24
What is the remainder when 12194401 is divided by 14835?
31
What is the remainder when 950964 is divided by 518?
434
Calculate the remainder when 202743 is divided by 1837.
673
Calculate the remainder when 44939678 is divided by 105.
98
Calculate the remainder when 1224150 is divided by 1592.
1494
Calculate the remainder when 77469 is divided by 2491.
248
What is the remainder when 3461317 is divided by 10?
7
Calculate the remainder when 4519509 is divided by 71738.
15
Calculate the remainder when 2922965 is divided by 730737.
17
What is the remainder when 148300 is divided by 651?
523
Calculate the remainder when 182031 is divided by 445.
26
Calculate the remainder when 1371987 is divided by 784.
771
Calculate the remainder when 916114 is divided by 287.
10
Calculate the remainder when 2893354 is divided by 2360.
2354
Calculate the remainder when 1237060 is divided by 203.
181
What is the remainder when 92548815 is divided by 364?
359
Calculate the remainder when 505849 is divided by 27.
4
Calculate the remainder when 209212 is divided by 104292.
628
What is the remainder when 269211 is divided by 2152?
211
What is the remainder when 586371 is divided by 1018?
3
Calculate the remainder when 8790302 is divided by 12.
2
What is the remainder when 3250519 is divided by 3260?
299
What is the remainder when 1943 is divided by 1406?
537
Calculate the remainder when 178625 is divided by 99.
29
Calculate the remainder when 372042 is divided by 3.
0
Calculate the remainder when 349877 is divided by 6247.
45
What is the remainder when 1547365 is divided by 68?
25
What is the remainder when 5869 is divided by 5566?
303
Calculate the remainder when 1851121 is divided by 228.
217
What is the remainder when 15655439 is divided by 3?
2
What is the remainder when 9454538 is divided by 160?
138
Calculate the remainder when 238866405 is divided by 1863.
1860
Calculate the remainder when 312634 is divided by 156076.
482
Calculate the remainder when 3636376 is divided by 272.
8
Calculate the remainder when 604013269 is divided by 635.
634
Calculate the remainder when 145814 is divided by 2054.
2034
What is the remainder when 1507597 is divided by 57?
4
What is the remainder when 42291579 is divided by 314?
175
What is the remainder when 93129 is divided by 13297?
50
Calculate the remainder when 2279148 is divided by 279.
276
What is the remainder when 13622232 is divided by 30?
12
What is the remainder when 2051994 is divided by 255?
9
What is the remainder when 1448295 is divided by 84?
51
Calculate the remainder when 1014260 is divided by 423.
329
What is the remainder when 489989 is divided by 69788?
1473
Calculate the remainder when 1393582 is divided by 160.
142
What is the remainder when 96571390 is divided by 512?
510
What is the remainder when 14161474 is divided by 121?
118
What is the remainder when 626841 is divided by 10806?
93
Calculate the remainder when 183482 is divided by 36095.
3007
What is the remainder when 14031476 is divided by 9697?
9614
Calculate the remainder when 3239344 is divided by 1528.
1512
What is the remainder when 424604 is divided by 2927?
189
What is the remainder when 16977953 is divided by 8488894?
165
Calculate the remainder when 2988404971 is divided by 23.
21
What is the remainder when 195402 is divided by 195386?
16
Calculate the remainder when 18956773 is divided by 446.
435
What is the remainder when 2368444 is divided by 653?
13
What is the remainder when 123872219 is divided by 6?
5
Calculate the remainder when 11739 is divided by 3559.
1062
Calculate the remainder when 4782906 is divided by 13.
11
Calculate the remainder when 13217598 is divided by 5556.
5430
Calculate the remainder when 111375 is divided by 7318.
1605
Calculate the remainder when 2958872 is divided by 1685.
12
Calculate the remainder when 54400755 is divided by 3743.
3736
What is the remainder when 8522932 is divided by 1983?
1981
What is the remainder when 74360430 is divided by 681?
678
Calculate the remainder when 14159652 is divided by 5181.
5160
Calculate the remainder when 8587338 is divided by 327.
318
Calculate the remainder when 36801159 is divided by 10667.
9
Calculate the remainder when 2065602 is divided by 2065586.
16
Calculate the remainder when 26612 is 